{"id":2668,"date":"2018-11-05T16:29:04","date_gmt":"2018-11-05T18:29:04","guid":{"rendered":"http:\/\/pareestacionamentos.com.br\/site\/?page_id=2668"},"modified":"2023-01-31T21:54:18","modified_gmt":"2023-02-01T00:54:18","slug":"garantasuavagaestacionamento","status":"publish","type":"page","link":"https:\/\/www.pareestacionamentos.com.br\/site\/garantasuavagaestacionamento\/","title":{"rendered":"Garanta Sua Vaga"},"content":{"rendered":"<p>[vc_row css=&#8221;.vc_custom_1530286087653{margin-top: 35px !important;}&#8221;][vc_column][vc_empty_space][vc_column_text]<\/p>\n<p style=\"text-align: justify;\">N\u00e3o deixe seu cliente perder tempo procurando uma vaga livre, indique onde estacionar para otimizar seu tempo. Tenha comodidade no seu dia a dia ao ir de carro para seu trabalho, S\u00e3o Paulo, Hospital, Aeroporto ou qualquer evento, estacione com total conforto e seguran\u00e7a na PARE ESTACIONAMENTOS. Uma combina\u00e7\u00e3o ideal de economia, e conveni\u00eancia.<\/p>\n<p style=\"text-align: justify;\">Conhe\u00e7a mais sobre esse servi\u00e7o inovador e escolha pela melhor maneira de iniciar e terminar as suas viagens, ida a jogos ou eventos.<\/p>\n<p><strong>Nosso Diferencial:<\/strong><\/p>\n<p><strong>Valet<\/strong><\/p>\n<ul>\n<li>Recep\u00e7\u00e3o, estacionamento e entrega de ve\u00edculos<\/li>\n<li>Terceiriza\u00e7\u00e3o ou quarteiriza\u00e7\u00e3o de servi\u00e7os para: eventos: festas, congressos, matrim\u00f4nios<\/li>\n<li>Estabelecimentos comerciais: buffets, restaurante, supermercados, shopping centers, cl\u00ednicas e laborat\u00f3rios<\/li>\n<li>Estabelecimentos Residenciais: condom\u00ednios e edif\u00edcios<\/li>\n<\/ul>\n<p>[\/vc_column_text][vc_empty_space][vc_empty_space][\/vc_column][\/vc_row][vc_row bg_type=&#8221;image&#8221; parallax_style=&#8221;vcpb-vz-jquery&#8221; bg_image_new=&#8221;id^2788|url^http:\/\/pareestacionamentos.com.br\/site\/wp-content\/uploads\/2019\/06\/procurando_vagas.jpg|caption^null|alt^null|title^procurando_vagas|description^null&#8221; parallax_sense=&#8221;40&#8243; bg_override=&#8221;ex-full&#8221; enable_overlay=&#8221;enable_overlay_value&#8221; overlay_color=&#8221;rgba(0,0,0,0.6)&#8221; type=&#8221;vc_default&#8221; css=&#8221;.vc_custom_1561146673449{padding-top: 100px !important;padding-bottom: 105px !important;}&#8221;][vc_column width=&#8221;5\/6&#8243; offset=&#8221;vc_col-lg-offset-2 vc_col-lg-8 vc_col-md-offset-1 vc_col-md-10 vc_col-sm-offset-1&#8243;]<div id=\"ultimate-heading-7016a04adf0e539c\" class=\"uvc-heading ult-adjust-bottom-margin ultimate-heading-7016a04adf0e539c uvc-2591 \" data-hspacer=\"line_only\"  data-halign=\"center\" style=\"text-align:center\"><div class=\"uvc-main-heading ult-responsive\"  data-ultimate-target='.uvc-heading.ultimate-heading-7016a04adf0e539c h2'  data-responsive-json-new='{\"font-size\":\"desktop:22px;\",\"line-height\":\"desktop:32px;\"}' ><h2 style=\"font-weight:bold;color:#ffffff;margin-bottom:5px;\">Ficou com alguma d\u00favida?<\/h2><\/div><div class=\"uvc-heading-spacer line_only\" style=\"margin-bottom:40px;height:3px;\"><span class=\"uvc-headings-line\" style=\"border-style:solid;border-bottom-width:3px;border-color:#fed004;width:80px;\"><\/span><\/div><div class=\"uvc-sub-heading ult-responsive\"  data-ultimate-target='.uvc-heading.ultimate-heading-7016a04adf0e539c .uvc-sub-heading '  data-responsive-json-new='{\"font-size\":\"desktop:44px;tablet_portrait:30px;mobile_landscape:22px;\",\"line-height\":\"desktop:54px;tablet_portrait:40px;mobile_landscape:32px;\"}'  style=\"font-family:&#039;Raleway&#039;;font-weight:bold;color:#ffffff;\">Fa\u00e7a sua solicita\u00e7\u00e3o agora!<\/div><\/div><div class=\"btn-align-center\"><a href=\"http:\/\/pareestacionamentos.com.br\/site\/contato\/\" class=\"default-btn-shortcode dt-btn dt-btn-l  vc_custom_1541436731219\" id=\"default-btn-60816eb7751df31c12bde84771e8685f\" style=\"width:200px;\"><span>CONTATE-NOS<\/span><\/a><\/div>[\/vc_column][\/vc_row]<\/p>\n","protected":false},"excerpt":{"rendered":"<p>[vc_row css=&#8221;.vc_custom_1530286087653{margin-top: 35px !important;}&#8221;][vc_column][vc_empty_space][vc_column_text] N\u00e3o deixe seu cliente perder tempo procurando uma vaga livre, indique onde estacionar para otimizar seu tempo. Tenha comodidade no seu dia a dia ao ir de carro para seu trabalho, S\u00e3o Paulo, Hospital, Aeroporto ou qualquer evento, estacione com total conforto e seguran\u00e7a na PARE ESTACIONAMENTOS. Uma combina\u00e7\u00e3o ideal de&hellip;<\/p>\n","protected":false},"author":2,"featured_media":0,"parent":0,"menu_order":5,"comment_status":"closed","ping_status":"closed","template":"","meta":[],"yoast_head":"<!-- This site is optimized with the Yoast SEO plugin v20.0 - https:\/\/yoast.com\/wordpress\/plugins\/seo\/ -->\n<title>Vaga de Estacionamentos Mogi, Suzano e S\u00e3o Paulo<\/title>\n<meta name=\"description\" content=\"N\u00e3o deixe seu cliente perder tempo procurando uma vaga livre, indique onde estacionar para otimizar seu tempo. Tenha comodidade no seu dia a dia ao ir de carro para seu trabalho, S\u00e3o Paulo, Hospital, Aeroporto ou qualquer evento, estacione com total conforto e seguran\u00e7a na PARE ESTACIONAMENTOS. Uma combina\u00e7\u00e3o ideal de economia, e conveni\u00eancia.\" \/>\n<meta name=\"robots\" content=\"index, follow, max-snippet:-1, max-image-preview:large, max-video-preview:-1\" \/>\n<link rel=\"canonical\" href=\"https:\/\/www.pareestacionamentos.com.br\/site\/garantasuavagaestacionamento\/\" \/>\n<meta property=\"og:locale\" content=\"pt_BR\" \/>\n<meta property=\"og:type\" content=\"article\" \/>\n<meta property=\"og:title\" content=\"Vaga de Estacionamentos Mogi, Suzano e S\u00e3o Paulo\" \/>\n<meta property=\"og:description\" content=\"N\u00e3o deixe seu cliente perder tempo procurando uma vaga livre, indique onde estacionar para otimizar seu tempo. Tenha comodidade no seu dia a dia ao ir de carro para seu trabalho, S\u00e3o Paulo, Hospital, Aeroporto ou qualquer evento, estacione com total conforto e seguran\u00e7a na PARE ESTACIONAMENTOS. Uma combina\u00e7\u00e3o ideal de economia, e conveni\u00eancia.\" \/>\n<meta property=\"og:url\" content=\"https:\/\/www.pareestacionamentos.com.br\/site\/garantasuavagaestacionamento\/\" \/>\n<meta property=\"og:site_name\" content=\"PARE ESTACIONAMENTOS\" \/>\n<meta property=\"article:publisher\" content=\"https:\/\/www.facebook.com\/Bertisoldas\/\" \/>\n<meta property=\"article:modified_time\" content=\"2023-02-01T00:54:18+00:00\" \/>\n<meta name=\"twitter:card\" content=\"summary_large_image\" \/>\n<meta name=\"twitter:label1\" content=\"Est. tempo de leitura\" \/>\n\t<meta name=\"twitter:data1\" content=\"1 minuto\" \/>\n<script type=\"application\/ld+json\" class=\"yoast-schema-graph\">{\"@context\":\"https:\/\/schema.org\",\"@graph\":[{\"@type\":\"WebPage\",\"@id\":\"https:\/\/www.pareestacionamentos.com.br\/site\/garantasuavagaestacionamento\/\",\"url\":\"https:\/\/www.pareestacionamentos.com.br\/site\/garantasuavagaestacionamento\/\",\"name\":\"Vaga de Estacionamentos Mogi, Suzano e S\u00e3o Paulo\",\"isPartOf\":{\"@id\":\"https:\/\/www.pareestacionamentos.com.br\/site\/#website\"},\"datePublished\":\"2018-11-05T18:29:04+00:00\",\"dateModified\":\"2023-02-01T00:54:18+00:00\",\"description\":\"N\u00e3o deixe seu cliente perder tempo procurando uma vaga livre, indique onde estacionar para otimizar seu tempo. Tenha comodidade no seu dia a dia ao ir de carro para seu trabalho, S\u00e3o Paulo, Hospital, Aeroporto ou qualquer evento, estacione com total conforto e seguran\u00e7a na PARE ESTACIONAMENTOS. Uma combina\u00e7\u00e3o ideal de economia, e conveni\u00eancia.\",\"breadcrumb\":{\"@id\":\"https:\/\/www.pareestacionamentos.com.br\/site\/garantasuavagaestacionamento\/#breadcrumb\"},\"inLanguage\":\"pt-BR\",\"potentialAction\":[{\"@type\":\"ReadAction\",\"target\":[\"https:\/\/www.pareestacionamentos.com.br\/site\/garantasuavagaestacionamento\/\"]}]},{\"@type\":\"BreadcrumbList\",\"@id\":\"https:\/\/www.pareestacionamentos.com.br\/site\/garantasuavagaestacionamento\/#breadcrumb\",\"itemListElement\":[{\"@type\":\"ListItem\",\"position\":1,\"name\":\"Home\",\"item\":\"https:\/\/www.pareestacionamentos.com.br\/site\/\"},{\"@type\":\"ListItem\",\"position\":2,\"name\":\"Garanta Sua Vaga\"}]},{\"@type\":\"WebSite\",\"@id\":\"https:\/\/www.pareestacionamentos.com.br\/site\/#website\",\"url\":\"https:\/\/www.pareestacionamentos.com.br\/site\/\",\"name\":\"BERTISOLDAS - Oxig\u00eanio o g\u00e1s da vida\",\"description\":\"SEU CARRO EM BOAS M\u00c3OS\",\"potentialAction\":[{\"@type\":\"SearchAction\",\"target\":{\"@type\":\"EntryPoint\",\"urlTemplate\":\"https:\/\/www.pareestacionamentos.com.br\/site\/?s={search_term_string}\"},\"query-input\":\"required name=search_term_string\"}],\"inLanguage\":\"pt-BR\"}]}<\/script>\n<!-- \/ Yoast SEO plugin. -->","yoast_head_json":{"title":"Vaga de Estacionamentos Mogi, Suzano e S\u00e3o Paulo","description":"N\u00e3o deixe seu cliente perder tempo procurando uma vaga livre, indique onde estacionar para otimizar seu tempo. Tenha comodidade no seu dia a dia ao ir de carro para seu trabalho, S\u00e3o Paulo, Hospital, Aeroporto ou qualquer evento, estacione com total conforto e seguran\u00e7a na PARE ESTACIONAMENTOS. Uma combina\u00e7\u00e3o ideal de economia, e conveni\u00eancia.","robots":{"index":"index","follow":"follow","max-snippet":"max-snippet:-1","max-image-preview":"max-image-preview:large","max-video-preview":"max-video-preview:-1"},"canonical":"https:\/\/www.pareestacionamentos.com.br\/site\/garantasuavagaestacionamento\/","og_locale":"pt_BR","og_type":"article","og_title":"Vaga de Estacionamentos Mogi, Suzano e S\u00e3o Paulo","og_description":"N\u00e3o deixe seu cliente perder tempo procurando uma vaga livre, indique onde estacionar para otimizar seu tempo. Tenha comodidade no seu dia a dia ao ir de carro para seu trabalho, S\u00e3o Paulo, Hospital, Aeroporto ou qualquer evento, estacione com total conforto e seguran\u00e7a na PARE ESTACIONAMENTOS. Uma combina\u00e7\u00e3o ideal de economia, e conveni\u00eancia.","og_url":"https:\/\/www.pareestacionamentos.com.br\/site\/garantasuavagaestacionamento\/","og_site_name":"PARE ESTACIONAMENTOS","article_publisher":"https:\/\/www.facebook.com\/Bertisoldas\/","article_modified_time":"2023-02-01T00:54:18+00:00","twitter_card":"summary_large_image","twitter_misc":{"Est. tempo de leitura":"1 minuto"},"schema":{"@context":"https:\/\/schema.org","@graph":[{"@type":"WebPage","@id":"https:\/\/www.pareestacionamentos.com.br\/site\/garantasuavagaestacionamento\/","url":"https:\/\/www.pareestacionamentos.com.br\/site\/garantasuavagaestacionamento\/","name":"Vaga de Estacionamentos Mogi, Suzano e S\u00e3o Paulo","isPartOf":{"@id":"https:\/\/www.pareestacionamentos.com.br\/site\/#website"},"datePublished":"2018-11-05T18:29:04+00:00","dateModified":"2023-02-01T00:54:18+00:00","description":"N\u00e3o deixe seu cliente perder tempo procurando uma vaga livre, indique onde estacionar para otimizar seu tempo. Tenha comodidade no seu dia a dia ao ir de carro para seu trabalho, S\u00e3o Paulo, Hospital, Aeroporto ou qualquer evento, estacione com total conforto e seguran\u00e7a na PARE ESTACIONAMENTOS. Uma combina\u00e7\u00e3o ideal de economia, e conveni\u00eancia.","breadcrumb":{"@id":"https:\/\/www.pareestacionamentos.com.br\/site\/garantasuavagaestacionamento\/#breadcrumb"},"inLanguage":"pt-BR","potentialAction":[{"@type":"ReadAction","target":["https:\/\/www.pareestacionamentos.com.br\/site\/garantasuavagaestacionamento\/"]}]},{"@type":"BreadcrumbList","@id":"https:\/\/www.pareestacionamentos.com.br\/site\/garantasuavagaestacionamento\/#breadcrumb","itemListElement":[{"@type":"ListItem","position":1,"name":"Home","item":"https:\/\/www.pareestacionamentos.com.br\/site\/"},{"@type":"ListItem","position":2,"name":"Garanta Sua Vaga"}]},{"@type":"WebSite","@id":"https:\/\/www.pareestacionamentos.com.br\/site\/#website","url":"https:\/\/www.pareestacionamentos.com.br\/site\/","name":"BERTISOLDAS - Oxig\u00eanio o g\u00e1s da vida","description":"SEU CARRO EM BOAS M\u00c3OS","potentialAction":[{"@type":"SearchAction","target":{"@type":"EntryPoint","urlTemplate":"https:\/\/www.pareestacionamentos.com.br\/site\/?s={search_term_string}"},"query-input":"required name=search_term_string"}],"inLanguage":"pt-BR"}]}},"_links":{"self":[{"href":"https:\/\/www.pareestacionamentos.com.br\/site\/wp-json\/wp\/v2\/pages\/2668"}],"collection":[{"href":"https:\/\/www.pareestacionamentos.com.br\/site\/wp-json\/wp\/v2\/pages"}],"about":[{"href":"https:\/\/www.pareestacionamentos.com.br\/site\/wp-json\/wp\/v2\/types\/page"}],"author":[{"embeddable":true,"href":"https:\/\/www.pareestacionamentos.com.br\/site\/wp-json\/wp\/v2\/users\/2"}],"replies":[{"embeddable":true,"href":"https:\/\/www.pareestacionamentos.com.br\/site\/wp-json\/wp\/v2\/comments?post=2668"}],"version-history":[{"count":13,"href":"https:\/\/www.pareestacionamentos.com.br\/site\/wp-json\/wp\/v2\/pages\/2668\/revisions"}],"predecessor-version":[{"id":2992,"href":"https:\/\/www.pareestacionamentos.com.br\/site\/wp-json\/wp\/v2\/pages\/2668\/revisions\/2992"}],"wp:attachment":[{"href":"https:\/\/www.pareestacionamentos.com.br\/site\/wp-json\/wp\/v2\/media?parent=2668"}],"curies":[{"name":"wp","href":"https:\/\/api.w.org\/{rel}","templated":true}]}}