{"id":2842,"date":"2019-06-21T23:08:47","date_gmt":"2019-06-22T02:08:47","guid":{"rendered":"http:\/\/pareestacionamentos.com.br\/site\/?page_id=2842"},"modified":"2023-01-31T21:52:52","modified_gmt":"2023-02-01T00:52:52","slug":"estacionamento_com_seguro","status":"publish","type":"page","link":"https:\/\/www.pareestacionamentos.com.br\/site\/estacionamento_com_seguro\/","title":{"rendered":"Estacionamento com Seguro"},"content":{"rendered":"<p>[vc_row css=&#8221;.vc_custom_1530286087653{margin-top: 35px !important;}&#8221;][vc_column][vc_empty_space][vc_column_text]<\/p>\n<p class=\"bl-content-summary\"><strong>Aqui, seu carro est\u00e1 seguro!<\/strong><\/p>\n<p class=\"bl-content-content\">Na <strong>PARE ESTACIONAMENTO<\/strong>, voc\u00ea estaciona com seguran\u00e7a pelo per\u00edodo que for necess\u00e1rio. Seja para um passeio r\u00e1pido com a fam\u00edlia, deixar seu carro enquanto est\u00e1 no trabalho ou at\u00e9 para um pernoite. \u00c9 a praticidade, conforto e seguran\u00e7a que voc\u00ea precisa, com seguro incluso.<\/p>\n<p>Aproveite mais esse benef\u00edcio da <strong>PARE ESTACIONAMENTO.<\/strong><\/p>\n<p><strong>Nosso Diferencial<\/strong><\/p>\n<ul>\n<li>Recomendamos n\u00e3o deixar capacetes, mochila, luvas ou qualquer objeto na moto. Trave sua moto com correntes ou similares.<\/li>\n<li>Este estabelecimento \u00e9 pago e segurado contra roubo ou furto de ve\u00edculo. Recomendamos n\u00e3o deixar objetos de valor no interior do ve\u00edculo.<\/li>\n<li>Este estabelecimento possui o C\u00f3digo de Defesa do Consumidor.<\/li>\n<\/ul>\n<p>[\/vc_column_text][vc_empty_space][vc_empty_space][\/vc_column][\/vc_row][vc_row bg_type=&#8221;image&#8221; parallax_style=&#8221;vcpb-vz-jquery&#8221; bg_image_new=&#8221;id^2788|url^http:\/\/pareestacionamentos.com.br\/site\/wp-content\/uploads\/2019\/06\/procurando_vagas.jpg|caption^null|alt^null|title^procurando_vagas|description^null&#8221; parallax_sense=&#8221;40&#8243; bg_override=&#8221;ex-full&#8221; enable_overlay=&#8221;enable_overlay_value&#8221; overlay_color=&#8221;rgba(0,0,0,0.6)&#8221; type=&#8221;vc_default&#8221; css=&#8221;.vc_custom_1561146673449{padding-top: 100px !important;padding-bottom: 105px !important;}&#8221;][vc_column width=&#8221;5\/6&#8243; offset=&#8221;vc_col-lg-offset-2 vc_col-lg-8 vc_col-md-offset-1 vc_col-md-10 vc_col-sm-offset-1&#8243;]<div id=\"ultimate-heading-78076a04addc36a63\" class=\"uvc-heading ult-adjust-bottom-margin ultimate-heading-78076a04addc36a63 uvc-3381 \" data-hspacer=\"line_only\"  data-halign=\"center\" style=\"text-align:center\"><div class=\"uvc-main-heading ult-responsive\"  data-ultimate-target='.uvc-heading.ultimate-heading-78076a04addc36a63 h2'  data-responsive-json-new='{\"font-size\":\"desktop:22px;\",\"line-height\":\"desktop:32px;\"}' ><h2 style=\"font-weight:bold;color:#ffffff;margin-bottom:5px;\">Ficou com alguma d\u00favida?<\/h2><\/div><div class=\"uvc-heading-spacer line_only\" style=\"margin-bottom:40px;height:3px;\"><span class=\"uvc-headings-line\" style=\"border-style:solid;border-bottom-width:3px;border-color:#fed004;width:80px;\"><\/span><\/div><div class=\"uvc-sub-heading ult-responsive\"  data-ultimate-target='.uvc-heading.ultimate-heading-78076a04addc36a63 .uvc-sub-heading '  data-responsive-json-new='{\"font-size\":\"desktop:44px;tablet_portrait:30px;mobile_landscape:22px;\",\"line-height\":\"desktop:54px;tablet_portrait:40px;mobile_landscape:32px;\"}'  style=\"font-family:&#039;Raleway&#039;;font-weight:bold;color:#ffffff;\">Fa\u00e7a sua solicita\u00e7\u00e3o agora!<\/div><\/div><div class=\"btn-align-center\"><a href=\"http:\/\/pareestacionamentos.com.br\/site\/contato\/\" class=\"default-btn-shortcode dt-btn dt-btn-l  vc_custom_1541436731219\" id=\"default-btn-60816eb7751df31c12bde84771e8685f\" style=\"width:200px;\"><span>CONTATE-NOS<\/span><\/a><\/div>[\/vc_column][\/vc_row]<\/p>\n","protected":false},"excerpt":{"rendered":"<p>[vc_row css=&#8221;.vc_custom_1530286087653{margin-top: 35px !important;}&#8221;][vc_column][vc_empty_space][vc_column_text] Aqui, seu carro est\u00e1 seguro! Na PARE ESTACIONAMENTO, voc\u00ea estaciona com seguran\u00e7a pelo per\u00edodo que for necess\u00e1rio. Seja para um passeio r\u00e1pido com a fam\u00edlia, deixar seu carro enquanto est\u00e1 no trabalho ou at\u00e9 para um pernoite. \u00c9 a praticidade, conforto e seguran\u00e7a que voc\u00ea precisa, com seguro incluso. Aproveite mais&hellip;<\/p>\n","protected":false},"author":10,"featured_media":0,"parent":0,"menu_order":5,"comment_status":"closed","ping_status":"closed","template":"","meta":[],"yoast_head":"<!-- This site is optimized with the Yoast SEO plugin v20.0 - https:\/\/yoast.com\/wordpress\/plugins\/seo\/ -->\n<title>Estacionamento com Seguro em mogi e S\u00e3o Paulo<\/title>\n<meta name=\"description\" content=\"Na PARE ESTACIONAMENTO, voc\u00ea estaciona com seguran\u00e7a pelo per\u00edodo que for necess\u00e1rio. Seja para um passeio r\u00e1pido com a fam\u00edlia, deixar seu carro enquanto est\u00e1 no trabalho ou at\u00e9 para um pernoite. \u00c9 a praticidade, conforto e seguran\u00e7a que voc\u00ea precisa, com seguro incluso.\" \/>\n<meta name=\"robots\" content=\"index, follow, max-snippet:-1, max-image-preview:large, max-video-preview:-1\" \/>\n<link rel=\"canonical\" href=\"https:\/\/www.pareestacionamentos.com.br\/site\/estacionamento_com_seguro\/\" \/>\n<meta property=\"og:locale\" content=\"pt_BR\" \/>\n<meta property=\"og:type\" content=\"article\" \/>\n<meta property=\"og:title\" content=\"Estacionamento com Seguro em mogi e S\u00e3o Paulo\" \/>\n<meta property=\"og:description\" content=\"Na PARE ESTACIONAMENTO, voc\u00ea estaciona com seguran\u00e7a pelo per\u00edodo que for necess\u00e1rio. Seja para um passeio r\u00e1pido com a fam\u00edlia, deixar seu carro enquanto est\u00e1 no trabalho ou at\u00e9 para um pernoite. \u00c9 a praticidade, conforto e seguran\u00e7a que voc\u00ea precisa, com seguro incluso.\" \/>\n<meta property=\"og:url\" content=\"https:\/\/www.pareestacionamentos.com.br\/site\/estacionamento_com_seguro\/\" \/>\n<meta property=\"og:site_name\" content=\"PARE ESTACIONAMENTOS\" \/>\n<meta property=\"article:publisher\" content=\"https:\/\/www.facebook.com\/Bertisoldas\/\" \/>\n<meta property=\"article:modified_time\" content=\"2023-02-01T00:52:52+00:00\" \/>\n<meta name=\"twitter:card\" content=\"summary_large_image\" \/>\n<meta name=\"twitter:label1\" content=\"Est. tempo de leitura\" \/>\n\t<meta name=\"twitter:data1\" content=\"1 minuto\" \/>\n<script type=\"application\/ld+json\" class=\"yoast-schema-graph\">{\"@context\":\"https:\/\/schema.org\",\"@graph\":[{\"@type\":\"WebPage\",\"@id\":\"https:\/\/www.pareestacionamentos.com.br\/site\/estacionamento_com_seguro\/\",\"url\":\"https:\/\/www.pareestacionamentos.com.br\/site\/estacionamento_com_seguro\/\",\"name\":\"Estacionamento com Seguro em mogi e S\u00e3o Paulo\",\"isPartOf\":{\"@id\":\"https:\/\/www.pareestacionamentos.com.br\/site\/#website\"},\"datePublished\":\"2019-06-22T02:08:47+00:00\",\"dateModified\":\"2023-02-01T00:52:52+00:00\",\"description\":\"Na PARE ESTACIONAMENTO, voc\u00ea estaciona com seguran\u00e7a pelo per\u00edodo que for necess\u00e1rio. Seja para um passeio r\u00e1pido com a fam\u00edlia, deixar seu carro enquanto est\u00e1 no trabalho ou at\u00e9 para um pernoite. \u00c9 a praticidade, conforto e seguran\u00e7a que voc\u00ea precisa, com seguro incluso.\",\"breadcrumb\":{\"@id\":\"https:\/\/www.pareestacionamentos.com.br\/site\/estacionamento_com_seguro\/#breadcrumb\"},\"inLanguage\":\"pt-BR\",\"potentialAction\":[{\"@type\":\"ReadAction\",\"target\":[\"https:\/\/www.pareestacionamentos.com.br\/site\/estacionamento_com_seguro\/\"]}]},{\"@type\":\"BreadcrumbList\",\"@id\":\"https:\/\/www.pareestacionamentos.com.br\/site\/estacionamento_com_seguro\/#breadcrumb\",\"itemListElement\":[{\"@type\":\"ListItem\",\"position\":1,\"name\":\"Home\",\"item\":\"https:\/\/www.pareestacionamentos.com.br\/site\/\"},{\"@type\":\"ListItem\",\"position\":2,\"name\":\"Estacionamento com Seguro\"}]},{\"@type\":\"WebSite\",\"@id\":\"https:\/\/www.pareestacionamentos.com.br\/site\/#website\",\"url\":\"https:\/\/www.pareestacionamentos.com.br\/site\/\",\"name\":\"BERTISOLDAS - Oxig\u00eanio o g\u00e1s da vida\",\"description\":\"SEU CARRO EM BOAS M\u00c3OS\",\"potentialAction\":[{\"@type\":\"SearchAction\",\"target\":{\"@type\":\"EntryPoint\",\"urlTemplate\":\"https:\/\/www.pareestacionamentos.com.br\/site\/?s={search_term_string}\"},\"query-input\":\"required name=search_term_string\"}],\"inLanguage\":\"pt-BR\"}]}<\/script>\n<!-- \/ Yoast SEO plugin. -->","yoast_head_json":{"title":"Estacionamento com Seguro em mogi e S\u00e3o Paulo","description":"Na PARE ESTACIONAMENTO, voc\u00ea estaciona com seguran\u00e7a pelo per\u00edodo que for necess\u00e1rio. Seja para um passeio r\u00e1pido com a fam\u00edlia, deixar seu carro enquanto est\u00e1 no trabalho ou at\u00e9 para um pernoite. \u00c9 a praticidade, conforto e seguran\u00e7a que voc\u00ea precisa, com seguro incluso.","robots":{"index":"index","follow":"follow","max-snippet":"max-snippet:-1","max-image-preview":"max-image-preview:large","max-video-preview":"max-video-preview:-1"},"canonical":"https:\/\/www.pareestacionamentos.com.br\/site\/estacionamento_com_seguro\/","og_locale":"pt_BR","og_type":"article","og_title":"Estacionamento com Seguro em mogi e S\u00e3o Paulo","og_description":"Na PARE ESTACIONAMENTO, voc\u00ea estaciona com seguran\u00e7a pelo per\u00edodo que for necess\u00e1rio. Seja para um passeio r\u00e1pido com a fam\u00edlia, deixar seu carro enquanto est\u00e1 no trabalho ou at\u00e9 para um pernoite. \u00c9 a praticidade, conforto e seguran\u00e7a que voc\u00ea precisa, com seguro incluso.","og_url":"https:\/\/www.pareestacionamentos.com.br\/site\/estacionamento_com_seguro\/","og_site_name":"PARE ESTACIONAMENTOS","article_publisher":"https:\/\/www.facebook.com\/Bertisoldas\/","article_modified_time":"2023-02-01T00:52:52+00:00","twitter_card":"summary_large_image","twitter_misc":{"Est. tempo de leitura":"1 minuto"},"schema":{"@context":"https:\/\/schema.org","@graph":[{"@type":"WebPage","@id":"https:\/\/www.pareestacionamentos.com.br\/site\/estacionamento_com_seguro\/","url":"https:\/\/www.pareestacionamentos.com.br\/site\/estacionamento_com_seguro\/","name":"Estacionamento com Seguro em mogi e S\u00e3o Paulo","isPartOf":{"@id":"https:\/\/www.pareestacionamentos.com.br\/site\/#website"},"datePublished":"2019-06-22T02:08:47+00:00","dateModified":"2023-02-01T00:52:52+00:00","description":"Na PARE ESTACIONAMENTO, voc\u00ea estaciona com seguran\u00e7a pelo per\u00edodo que for necess\u00e1rio. Seja para um passeio r\u00e1pido com a fam\u00edlia, deixar seu carro enquanto est\u00e1 no trabalho ou at\u00e9 para um pernoite. \u00c9 a praticidade, conforto e seguran\u00e7a que voc\u00ea precisa, com seguro incluso.","breadcrumb":{"@id":"https:\/\/www.pareestacionamentos.com.br\/site\/estacionamento_com_seguro\/#breadcrumb"},"inLanguage":"pt-BR","potentialAction":[{"@type":"ReadAction","target":["https:\/\/www.pareestacionamentos.com.br\/site\/estacionamento_com_seguro\/"]}]},{"@type":"BreadcrumbList","@id":"https:\/\/www.pareestacionamentos.com.br\/site\/estacionamento_com_seguro\/#breadcrumb","itemListElement":[{"@type":"ListItem","position":1,"name":"Home","item":"https:\/\/www.pareestacionamentos.com.br\/site\/"},{"@type":"ListItem","position":2,"name":"Estacionamento com Seguro"}]},{"@type":"WebSite","@id":"https:\/\/www.pareestacionamentos.com.br\/site\/#website","url":"https:\/\/www.pareestacionamentos.com.br\/site\/","name":"BERTISOLDAS - Oxig\u00eanio o g\u00e1s da vida","description":"SEU CARRO EM BOAS M\u00c3OS","potentialAction":[{"@type":"SearchAction","target":{"@type":"EntryPoint","urlTemplate":"https:\/\/www.pareestacionamentos.com.br\/site\/?s={search_term_string}"},"query-input":"required name=search_term_string"}],"inLanguage":"pt-BR"}]}},"_links":{"self":[{"href":"https:\/\/www.pareestacionamentos.com.br\/site\/wp-json\/wp\/v2\/pages\/2842"}],"collection":[{"href":"https:\/\/www.pareestacionamentos.com.br\/site\/wp-json\/wp\/v2\/pages"}],"about":[{"href":"https:\/\/www.pareestacionamentos.com.br\/site\/wp-json\/wp\/v2\/types\/page"}],"author":[{"embeddable":true,"href":"https:\/\/www.pareestacionamentos.com.br\/site\/wp-json\/wp\/v2\/users\/10"}],"replies":[{"embeddable":true,"href":"https:\/\/www.pareestacionamentos.com.br\/site\/wp-json\/wp\/v2\/comments?post=2842"}],"version-history":[{"count":4,"href":"https:\/\/www.pareestacionamentos.com.br\/site\/wp-json\/wp\/v2\/pages\/2842\/revisions"}],"predecessor-version":[{"id":2991,"href":"https:\/\/www.pareestacionamentos.com.br\/site\/wp-json\/wp\/v2\/pages\/2842\/revisions\/2991"}],"wp:attachment":[{"href":"https:\/\/www.pareestacionamentos.com.br\/site\/wp-json\/wp\/v2\/media?parent=2842"}],"curies":[{"name":"wp","href":"https:\/\/api.w.org\/{rel}","templated":true}]}}